 14.
-43213d
What is -90bb (base 16) in base 5?
-2141201
What is 84034 (base 11) in base 6?
2343025
What is 405216 (base 7) in base 13?
2557b
What is 319796 (base 12) in base 6?
24445110
Convert -14a6923 (base 15) to base 13.
-3138a11
Convert 1634b1 (base 13) to base 8.
2062266
Convert 110205 (base 10) to base 15.
229c0
3405150 (base 6) to base 14
46a94
-547581 (base 9) to base 6
-11002114
Convert 122222101102 (base 3) to base 10.
353846
What is -41013143 (base 5) in base 3?
-121201112121
Convert 13642413 (base 7) to base 16.
13a694
What is 42913 (base 11) in base 3?
10011111111
Convert -133020013121 (base 4) to base 13.
-18c9038
Convert 11017000 (base 8) to base 5.
1101220401
210303012 (base 4) to base 12
73286
bac8 (base 13) to base 11
18606
What is 739459 (base 13) in base 10?
2705257
-5a9a (base 16) to base 9
-34731
Convert -12313514 (base 6) to base 16.
-61576
Convert 11101201022 (base 4) to base 14.
27db62
What is 4d2a9 (base 16) in base 12?
132ab5
-3545070 (base 10) to base 4
-31201133232
What is 2120031 (base 5) in base 6?
433001
-45c70 (base 13) to base 12
-61844
What is 20120000021220 (base 3) in base 8?
15224710
Convert 241412122 (base 5) to base 11.
6a7626
What is 11110011111110011000 (base 2) in base 4?
3303332120
-225003 (base 11) to base 8
-1273232
What is 110011100101001 (base 2) in base 5?
1321114
What is -22a09c (base 15) in base 14?
-310a37
-3b7120 (base 13) to base 11
-8a6686
What is -1111001110001001 (base 2) in base 7?
-346523
Convert 78c0f (base 16) to base 14.
cc371
42650 (base 10) to base 3
2011111122
Convert 910524 (base 11) to base 14.
2a1b19
-1706640 (base 8) to base 4
-1320312200
Convert -632256 (base 8) to base 15.
-423b4
What is -296749 (base 14) in base 15?
-1d66cd
Convert -4ca6c (base 14) to base 7.
-1413665
Convert -402194 (base 11) to base 16.
-9dfb2
-a1a (base 11) to base 12
-867
Convert -9697422 (base 10) to base 13.
-2016c27
941122 (base 10) to base 13
26c4a0
979519 (base 10) to base 12
3b2a27
Convert -b1c4bb (base 14) to base 5.
-3013111412
15446036 (base 8) to base 2
1101100100110000011110
Convert 84743 (base 9) to base 16.
daca
183629 (base 12) to base 8
1465701
What is -1d686 (base 16) in base 5?
-12323304
Convert 2244032 (base 5) to base 13.
15599
4112342 (base 7) to base 8
1676253
20332023230 (base 4) to base 14
453136
-132330231201 (base 4) to base 10
-8112993
Convert 8d1c4 (base 14) to base 12.
146860
What is -1250656 (base 7) in base 11?
-101a10
Convert -176427 (base 10) to base 13.
-623c4
Convert 1010126 (base 7) to base 3.
20002202212
Convert 5144454 (base 8) to base 3.
2120012121121
Convert 21020221002221 (base 3) to base 13.
a50460
Convert 1311233012 (base 4) to base 14.
c7a62
What is -4310 (base 10) in base 6?
-31542
Convert -1a776 (base 15) to base 7.
-505623
-769981 (base 13) to base 8
-12514610
-1363374 (base 8) to base 3
-201122121101
What is 356881 (base 10) in base 16?
57211
What is -15085c (base 15) in base 6?
-33424123
Convert -10212111133 (base 4) to base 7.
-13150603
Convert -31665 (base 7) to base 10.
-7887
What is -10012240 (base 5) in base 6?
-1410022
What is 313202201323 (base 4) in base 8?
67424173
-6826 (base 10) to base 4
-1222222
What is 17265071 (base 8) in base 3?
21120111002222
What is -1001210022112 (base 3) in base 2?
-10001010010110000111
What is 3111224 (base 5) in base 2?
1100011001111110
What is -57593e (base 16) in base 10?
-5724478
Convert 5340233 (base 7) to base 12.
273288
Convert 80655 (base 11) to base 10.
117914
What is 105523232 (base 6) in base 7?
22422011
What is 11002120010100 (base 3) in base 15?
2cebc0
Convert -2115355 (base 6) to base 7.
-611030
What is 2675 (base 8) in base 7?
4166
Convert -1368a16 (base 12) to base 13.
-a5763b
Convert 87469 (base 11) to base 8.
370034
-553940 (base 11) to base 4
-3113232002
What is 1241403 (base 5) in base 2?
110000000011011
557173 (base 10) to base 14
1070a1
-2033023210 (base 4) to base 6
-20323044
Convert -13445266 (base 7) to base 11.
-788046
Convert -2911271 (base 10) to base 9.
-5426455
Convert -e92a (base 15) to base 7.
-263530
-44544021 (base 6) to base 14
-272661
20002133 (base 5) to base 6
3204423
What is -91a57 (base 11) in base 13?
-49214
Convert 605c (base 16) to base 5.
1242133
What is 114b95 (base 12) in base 2?
1000011111010100001
-32e8d (base 15) to base 2
-100111100001110100
What is b3b8 (base 15) in base 7?
215465
-56132613 (base 7) to base 15
-65b959
-3134222330 (base 5) to base 7
-106466646
Convert 250366 (base 8) to base 11.
598a0
What is 1dacc (base 15) in base 14?
27486
-6522331 (base 8) to base 6
-101231545
What is -132142034 (base 6) in base 12?
-a6791a
40412022 (base 5) to base 10
325887
Convert 619776 (base 11) to base 12.
3bb194
What is -1233311420 (base 6) in base 10?
-14441700
-1110121001 (base 4) to base 11
-216781
Convert -4502352 (base 7) to base 3.
-1001020000010
Convert -102200023113 (base 4) to base 8.
-22401327
21566782 (base 9) to base 10
10437005
Convert 5321220 (base 6) to base 4.
333112230
What is 302310411 (base 5) in base 9?
2248214
Convert 841725 (base 9) to base 7.
4151411
What is 111101111001100010110101 (base 2) in base 13?
3491992
11489864 (base 10) to base 12
3a21288
4421030 (base 5) to base 14
1dba6
Convert -332004421 (base 5) to base 11.
-8a2524
What is -30510453 (base 6) in base 3?
-1122201100120
What is -22010222 (base 5) in base 2?
-101101111100011011
Convert 43071 (base 8) to base 9.
26584
34262435 (base 8) to base 15
9bbda3
Convert -889681 (base 16) to base 2.
-100010001001011010000001
Convert 35b906 (base 12) to base 4.
3110201112
122420020 (base 6) to base 15
31b2c3
Convert 10848709 (base 10) to base 13.
232ac71
What is 882c2b (base 14) in base 3?
22200121102121
24a2aa8 (base 12) to base 15
96c4a5
23303316 (base 7) to base 13
56aab9
11002212020200 (base 3) to base 7
24355512
-13268 (base 9) to base 6
-105312
Convert -1110101001001001010000 (base 2) to base 4.
-32221021100
Convert -1000011110111100010101 (base 2) to base 4.
-20132330111
13432505 (base 6) to base 10
455513
What is ad468 (base 14) in base 12?
183570
Convert -331da3 (base 14) to base 6.
-101100255
Convert 49443 (base 10) to base 11.
34169
Convert -22534502 (base 6) to base 13.
-1b5333
Convert -211003423 (base 5) to base 2.
-11010101101111100000
Convert -14711 (base 8) to base 6.
-50321
-44062401 (base 7) to base 9
-7101233
What is 100110110010000111011 (base 2) in base 9?
2346237
2020011 (base 4) to base 6
104153
What is 503005 (base 8) in base 5?
20243011
Convert -68500 (base 13) to base 8.
-562533
20210112002 (base 3) to base 13
48b84
110011100111010000 (base 2) to base 8
634720
113023300 (base 4) to base 9
154231
-7b267 (base 14) to base 10
-299579
What is 12d85e (base 16) in base 7?
13332460
422533334 (base 6) to base 15
9b7164
What is -34146215 (base 7) in base 15?
-3d9e1e
37683 (base 9) to base 7
133620
-22241 (base 10) to base 16
-56e1
Convert -400203141 (base 6) to base 13.
-151a55a
What is -10399b (base 16) in base 12?
-433423
-4363928 (base 10) to base 12
-1565508
What is 310411121 (base 5) in base 12?
50b09a
What is 10000000001100011011111 (base 2) in base 13?
b41007
-22614237 (base 8) to base 9
-10231026
Convert -40aa78 (base 12) to base 4.
-3313211330
Convert -10640344 (base 7) to base 13.
-269281
Convert 204440420 (base 5) to base 8.
3215354
Convert -1233213012 (base 4) to base 2.
-1101111100111000110
-44de8 (base 16) to base 11
-182a34
What is 9c757 (base 14) in base 3?
201022102120
Convert -2211222220222 (base 3) to base 5.
-341444121
Convert 12021122 (base 4) to base 3.
1021112112
252b9 (base 14) to base 6
1541443
Convert -157837 (base 10) to base 9.
-260454
Convert -a9651 (base 14) to base 8.
-1440767
Convert -1201200032 (base 4) to base 7.
-3252233
Convert 621ba3 (base 14) to base 6.
154530335
What is -146753 (base 12) in base 15?
-6ba60
Convert -31200033 (base 5) to base 11.
-1655a1
668946 (base 13) to base 4
21032121213
21122201110 (base 3) to base 5
14310244
What is 7541447 (base 8) in base 14?
3a69cb
What is 78a52 (base 11) in base 7?
654351
1b07276 (base 12) to base 4
111320102322
Convert 50aa28 (base 16) to base 3.
100221120122002
Convert 34400160 (base 7) to base 15.
3e6649
Convert -860273 (base 11) to base 6.
-45301012
1323530 (base 12) to base 3
21010001001000
Conv